{"id":21794,"date":"2021-04-30T15:02:51","date_gmt":"2021-04-30T18:02:51","guid":{"rendered":"https:\/\/www.argensend.com\/?post_type=product&#038;p=21794"},"modified":"2024-12-06T16:03:39","modified_gmt":"2024-12-06T19:03:39","slug":"cera-sistema-espanol-perlas-natural-vegetal-depimiel-aloe-vera-800-gr","status":"publish","type":"product","link":"https:\/\/www.argensend.com\/en\/product\/cera-sistema-espanol-perlas-natural-vegetal-depimiel-aloe-vera-800-gr\/","title":{"rendered":"Depimiel &#8211; Cera Sistema Espa\u00f1ol Perlas Natural Vegetal Aloe Vera 200gr"},"content":{"rendered":"","protected":false},"excerpt":{"rendered":"<p>Cera sistema espa\u00f1ol en perlas<\/p>\n<p>Presentaci\u00f3n: 800 Grs.<\/p>\n<p>El sistema espa\u00f1ol es uno de los m\u00e9todos de depilaci\u00f3n m\u00e1s efectivos que existen en la actualidad.<\/p>\n<p>Consiste en calentar la cera y distribuirla sobre la superficie a depilar.<\/p>\n<p>Su uso disminuye la aparici\u00f3n paulatina del vello ya que lo extrae de ra\u00edz y mejora la textura de la piel con el paso del tiempo.<\/p>\n<p>Adem\u00e1s, deja la piel suave al tacto y permite su reutilizaci\u00f3n con el uso de filtros.<\/p>\n<p>La depilaci\u00f3n en perlas pertenece al sistema espa\u00f1ol, donde la cera se calienta y se la distribuye sobre la piel.<\/p>\n<p>Es conocida por su r\u00e1pida fusi\u00f3n y su mejor dosificaci\u00f3n: utiliz\u00e1s s\u00f3lo la cantidad que necesitas! De esta manera, ahorras tiempo y cera, permitiendo derretir \u00fanicamente lo necesario.<\/p>","protected":false},"featured_media":21797,"comment_status":"closed","ping_status":"closed","template":"","meta":{"_acf_changed":false,"om_disable_all_campaigns":false,"_monsterinsights_skip_tracking":false,"_monsterinsights_sitenote_active":false,"_monsterinsights_sitenote_note":"","_monsterinsights_sitenote_category":0},"etheme_brands":[],"product_brand":[],"product_cat":[8819],"product_tag":[1614,1612,1609,1619,1618,1617,1613,1616,199,857,211,1278],"class_list":{"0":"post-21794","1":"product","2":"type-product","3":"status-publish","4":"has-post-thumbnail","6":"product_cat-farmacia","7":"product_tag-aloe-vera","8":"product_tag-belleza","9":"product_tag-cera","10":"product_tag-cosmeticos","11":"product_tag-cuidado","12":"product_tag-cuidados","13":"product_tag-depilacion","14":"product_tag-depilar","15":"product_tag-mujer","16":"product_tag-mujeres","17":"product_tag-piel","18":"product_tag-suave","20":"first","21":"instock","22":"taxable","23":"shipping-taxable","24":"purchasable","25":"product-type-simple"},"acf":[],"aioseo_notices":[],"_links":{"self":[{"href":"https:\/\/www.argensend.com\/en\/wp-json\/wp\/v2\/product\/21794","targetHints":{"allow":["GET"]}}],"collection":[{"href":"https:\/\/www.argensend.com\/en\/wp-json\/wp\/v2\/product"}],"about":[{"href":"https:\/\/www.argensend.com\/en\/wp-json\/wp\/v2\/types\/product"}],"replies":[{"embeddable":true,"href":"https:\/\/www.argensend.com\/en\/wp-json\/wp\/v2\/comments?post=21794"}],"version-history":[{"count":4,"href":"https:\/\/www.argensend.com\/en\/wp-json\/wp\/v2\/product\/21794\/revisions"}],"predecessor-version":[{"id":99383,"href":"https:\/\/www.argensend.com\/en\/wp-json\/wp\/v2\/product\/21794\/revisions\/99383"}],"wp:featuredmedia":[{"embeddable":true,"href":"https:\/\/www.argensend.com\/en\/wp-json\/wp\/v2\/media\/21797"}],"wp:attachment":[{"href":"https:\/\/www.argensend.com\/en\/wp-json\/wp\/v2\/media?parent=21794"}],"wp:term":[{"taxonomy":"brand","embeddable":true,"href":"https:\/\/www.argensend.com\/en\/wp-json\/wp\/v2\/etheme_brands?post=21794"},{"taxonomy":"product_brand","embeddable":true,"href":"https:\/\/www.argensend.com\/en\/wp-json\/wp\/v2\/product_brand?post=21794"},{"taxonomy":"product_cat","embeddable":true,"href":"https:\/\/www.argensend.com\/en\/wp-json\/wp\/v2\/product_cat?post=21794"},{"taxonomy":"product_tag","embeddable":true,"href":"https:\/\/www.argensend.com\/en\/wp-json\/wp\/v2\/product_tag?post=21794"}],"curies":[{"name":"wp","href":"https:\/\/api.w.org\/{rel}","templated":true}]}}

Depimiel &#8211; Cera Sistema Español Perlas Natural Vegetal Aloe Vera 200gr

<p>Cera sistema español en perlas</p>
<p>Presentación: 800 Grs.</p>
<p>El sistema español es uno de los métodos de depilación más efectivos que existen en la actualidad.</p>
<p>Consiste en calentar la cera y distribuirla sobre la superficie a depilar.</p>
<p>Su uso disminuye la aparición paulatina del vello ya que lo extrae de raíz y mejora la textura de la piel con el paso del tiempo.</p>
<p>Además, deja la piel suave al tacto y permite su reutilización con el uso de filtros.</p>
<p>La depilación en perlas pertenece al sistema español, donde la cera se calienta y se la distribuye sobre la piel.</p>
<p>Es conocida por su rápida fusión y su mejor dosificación: utilizás sólo la cantidad que necesitas! De esta manera, ahorras tiempo y cera, permitiendo derretir únicamente lo necesario.</p>
