{"id":47154,"date":"2022-03-21T09:48:22","date_gmt":"2022-03-21T12:48:22","guid":{"rendered":"https:\/\/www.argensend.com\/?post_type=product&#038;p=47154"},"modified":"2024-12-06T16:25:51","modified_gmt":"2024-12-06T19:25:51","slug":"isabel-allende-violeta-reading-book-violet-by-isabel-allende","status":"publish","type":"product","link":"https:\/\/www.argensend.com\/en\/product\/isabel-allende-violeta-reading-book-violet-by-isabel-allende\/","title":{"rendered":"Isabel Allende &#8211; Violeta"},"content":{"rendered":"<p><strong>Descripci\u00f3n:<\/strong><br \/>\nVioleta, la primera ni\u00f1a de una familia de cinco bulliciosos hermanos, viene al mundo un tormentoso d\u00eda de 1920. Desde el principio su vida estar\u00e1 marcada por acontecimientos extraordinarios, pues todav\u00eda se sienten las ondas expansivas de la Gran Guerra cuando la gripe espa\u00f1ola llega a las orillas de su pa\u00eds sudamericano natal, casi en el momento exacto de su nacimiento. Gracias a la clarividencia del padre, la familia saldr\u00e1 indemne de esta crisis para enfrentarse a una nueva, cuando la Gran Depresi\u00f3n altera la elegante vida urbana que Violeta ha conocido hasta ahora. Lo perder\u00e1n todo y se ver\u00e1n obligados a retirarse a una regi\u00f3n salvaje y remota del pa\u00eds. All\u00ed Violeta alcanzar\u00e1 la mayor\u00eda de edad y tendr\u00e1 su primer pretendiente&#8230; En una larga carta dirigida a una persona a la que ama por encima de todas las dem\u00e1s, Violeta rememora devastadores desenga\u00f1os amorosos y romances apasionados, momentos de pobreza y tambi\u00e9n de prosperidad, p\u00e9rdidas terribles e inmensas alegr\u00edas. Moldear\u00e1n su vida algunos de los grandes sucesos de la historia: la lucha por los derechos de la mujer, el auge y la ca\u00edda de tiranos y, en \u00faltima instancia, no una sino dos pandemias. Vista con los ojos de una mujer poseedora de una pasi\u00f3n, una determinaci\u00f3n y un sentido del humor inolvidables que la sostienen a lo largo de una vida turbulenta, Isabel Allende nos regala, una vez m\u00e1s, una historia \u00e9pica profundamente inspiradora y emotiva.<\/p>\n<p>\u2026\u2026\u2026\u2026\u2026\u2026\u2026\u2026\u2026\u2026\u2026\u2026\u2026\u2026\u2026\u2026\u2026\u2026\u2026\u2026\u2026\u2026\u2026\u2026\u2026\u2026\u2026\u2026\u2026\u2026\u2026\u2026\u2026\u2026\u2026<\/p>\n<p><strong>Description:<\/strong><br \/>\nVioleta, the first child in a family of five boisterous siblings, comes into the world one stormy day in 1920. From the very beginning her life will be marked by extraordinary events, for the shock waves of the Great War are still being felt when the Spanish flu reaches the shores of her native South American country, almost at the exact moment of her birth. Thanks to her father&#8217;s clairvoyance, the family will emerge unscathed from this crisis to face a new one, when the Great Depression upsets the elegant urban life Violeta has known so far. They will lose everything and will be forced to retreat to a wild and remote region of the country. There Violet will come of age and have her first suitor&#8230;. In a long letter addressed to a person she loves above all others, Violeta recalls devastating love disappointments and passionate romances, moments of poverty and also of prosperity, terrible losses and immense joys. Her life will be shaped by some of the great events of history: the struggle for women&#8217;s rights, the rise and fall of tyrants and, ultimately, not one but two pandemics. Seen through the eyes of a woman possessed of unforgettable passion, determination and humor that sustain her through a turbulent life, Isabel Allende once again gives us a deeply inspiring and moving epic story.<\/p>","protected":false},"excerpt":{"rendered":"<p>Descripci\u00f3n: Violeta, la primera ni\u00f1a de una familia de cinco bulliciosos hermanos, viene al mundo un tormentoso d\u00eda de 1920. Desde el principio su vida&#8230;<\/p>","protected":false},"featured_media":47155,"comment_status":"closed","ping_status":"closed","template":"","meta":{"_acf_changed":false,"om_disable_all_campaigns":false,"_monsterinsights_skip_tracking":false,"_monsterinsights_sitenote_active":false,"_monsterinsights_sitenote_note":"","_monsterinsights_sitenote_category":0},"etheme_brands":[],"product_brand":[],"product_cat":[685],"product_tag":[203,234,224,8059,755,7561,856,4725,752,4726,3214],"class_list":{"0":"post-47154","1":"product","2":"type-product","3":"status-publish","4":"has-post-thumbnail","6":"product_cat-libros","7":"product_tag-argentina","8":"product_tag-argentine","9":"product_tag-argentino","10":"product_tag-autora","11":"product_tag-book","12":"product_tag-chilena","13":"product_tag-isabel-allende","14":"product_tag-lectura","15":"product_tag-libro","16":"product_tag-reading","17":"product_tag-violeta","19":"first","20":"instock","21":"taxable","22":"shipping-taxable","23":"purchasable","24":"product-type-simple"},"acf":[],"aioseo_notices":[],"_links":{"self":[{"href":"https:\/\/www.argensend.com\/en\/wp-json\/wp\/v2\/product\/47154","targetHints":{"allow":["GET"]}}],"collection":[{"href":"https:\/\/www.argensend.com\/en\/wp-json\/wp\/v2\/product"}],"about":[{"href":"https:\/\/www.argensend.com\/en\/wp-json\/wp\/v2\/types\/product"}],"replies":[{"embeddable":true,"href":"https:\/\/www.argensend.com\/en\/wp-json\/wp\/v2\/comments?post=47154"}],"version-history":[{"count":1,"href":"https:\/\/www.argensend.com\/en\/wp-json\/wp\/v2\/product\/47154\/revisions"}],"predecessor-version":[{"id":71040,"href":"https:\/\/www.argensend.com\/en\/wp-json\/wp\/v2\/product\/47154\/revisions\/71040"}],"wp:featuredmedia":[{"embeddable":true,"href":"https:\/\/www.argensend.com\/en\/wp-json\/wp\/v2\/media\/47155"}],"wp:attachment":[{"href":"https:\/\/www.argensend.com\/en\/wp-json\/wp\/v2\/media?parent=47154"}],"wp:term":[{"taxonomy":"brand","embeddable":true,"href":"https:\/\/www.argensend.com\/en\/wp-json\/wp\/v2\/etheme_brands?post=47154"},{"taxonomy":"product_brand","embeddable":true,"href":"https:\/\/www.argensend.com\/en\/wp-json\/wp\/v2\/product_brand?post=47154"},{"taxonomy":"product_cat","embeddable":true,"href":"https:\/\/www.argensend.com\/en\/wp-json\/wp\/v2\/product_cat?post=47154"},{"taxonomy":"product_tag","embeddable":true,"href":"https:\/\/www.argensend.com\/en\/wp-json\/wp\/v2\/product_tag?post=47154"}],"curies":[{"name":"wp","href":"https:\/\/api.w.org\/{rel}","templated":true}]}}

<p><strong>Descripción:</strong><br />
Violeta, la primera niña de una familia de cinco bulliciosos hermanos, viene al mundo un tormentoso día de 1920. Desde el principio su vida estará marcada por acontecimientos extraordinarios, pues todavía se sienten las ondas expansivas de la Gran Guerra cuando la gripe española llega a las orillas de su país sudamericano natal, casi en el momento exacto de su nacimiento. Gracias a la clarividencia del padre, la familia saldrá indemne de esta crisis para enfrentarse a una nueva, cuando la Gran Depresión altera la elegante vida urbana que Violeta ha conocido hasta ahora. Lo perderán todo y se verán obligados a retirarse a una región salvaje y remota del país. Allí Violeta alcanzará la mayoría de edad y tendrá su primer pretendiente&#8230; En una larga carta dirigida a una persona a la que ama por encima de todas las demás, Violeta rememora devastadores desengaños amorosos y romances apasionados, momentos de pobreza y también de prosperidad, pérdidas terribles e inmensas alegrías. Moldearán su vida algunos de los grandes sucesos de la historia: la lucha por los derechos de la mujer, el auge y la caída de tiranos y, en última instancia, no una sino dos pandemias. Vista con los ojos de una mujer poseedora de una pasión, una determinación y un sentido del humor inolvidables que la sostienen a lo largo de una vida turbulenta, Isabel Allende nos regala, una vez más, una historia épica profundamente inspiradora y emotiva.</p>
<p>……………………………………………………………………………………………</p>
<p><strong>Description:</strong><br />
Violeta, the first child in a family of five boisterous siblings, comes into the world one stormy day in 1920. From the very beginning her life will be marked by extraordinary events, for the shock waves of the Great War are still being felt when the Spanish flu reaches the shores of her native South American country, almost at the exact moment of her birth. Thanks to her father&#8217;s clairvoyance, the family will emerge unscathed from this crisis to face a new one, when the Great Depression upsets the elegant urban life Violeta has known so far. They will lose everything and will be forced to retreat to a wild and remote region of the country. There Violet will come of age and have her first suitor&#8230;. In a long letter addressed to a person she loves above all others, Violeta recalls devastating love disappointments and passionate romances, moments of poverty and also of prosperity, terrible losses and immense joys. Her life will be shaped by some of the great events of history: the struggle for women&#8217;s rights, the rise and fall of tyrants and, ultimately, not one but two pandemics. Seen through the eyes of a woman possessed of unforgettable passion, determination and humor that sustain her through a turbulent life, Isabel Allende once again gives us a deeply inspiring and moving epic story.</p>

<p>Descripción: Violeta, la primera niña de una familia de cinco bulliciosos hermanos, viene al mundo un tormentoso día de 1920. Desde el principio su vida&#8230;</p>
