{"id":47166,"date":"2022-03-21T10:01:44","date_gmt":"2022-03-21T13:01:44","guid":{"rendered":"https:\/\/www.argensend.com\/?post_type=product&#038;p=47166"},"modified":"2024-12-06T16:25:51","modified_gmt":"2024-12-06T19:25:51","slug":"isabel-allende-mas-alla-del-invierno-reading-book-beyond-winter-by-isabel-allende","status":"publish","type":"product","link":"https:\/\/www.argensend.com\/en\/product\/isabel-allende-mas-alla-del-invierno-reading-book-beyond-winter-by-isabel-allende\/","title":{"rendered":"Isabel Allende &#8211; M\u00e1s All\u00e1 Del Invierno"},"content":{"rendered":"<p><strong>Sin\u00f3psis:<\/strong><br \/>\nM\u00e1s all\u00e1 del invierno es una de sus historias m\u00e1s personales: una obra absolutamente actual que aborda la realidad de la emigraci\u00f3n y la identidad de la Am\u00e9rica de hoy a trav\u00e9s de unos personajes que encuentran la esperanza en el amor y en las segundas oportunidades.<\/p>\n<p>\u2026\u2026\u2026\u2026\u2026\u2026\u2026\u2026\u2026\u2026\u2026\u2026\u2026\u2026\u2026\u2026\u2026\u2026\u2026\u2026\u2026\u2026\u2026\u2026\u2026\u2026\u2026\u2026\u2026\u2026\u2026\u2026\u2026\u2026\u2026<\/p>\n<p><strong>Synopsis:<br \/>\n<\/strong>Beyond Winter is one of his most personal stories: an absolutely contemporary work that addresses the reality of emigration and identity in today&#8217;s America through characters who find hope in love and second chances.<\/p>","protected":false},"excerpt":{"rendered":"<p>Sin\u00f3psis: M\u00e1s all\u00e1 del invierno es una de sus historias m\u00e1s personales: una obra absolutamente actual que aborda la realidad de la emigraci\u00f3n y la&#8230;<\/p>","protected":false},"featured_media":47167,"comment_status":"closed","ping_status":"closed","template":"","meta":{"_acf_changed":false,"om_disable_all_campaigns":false,"_monsterinsights_skip_tracking":false,"_monsterinsights_sitenote_active":false,"_monsterinsights_sitenote_note":"","_monsterinsights_sitenote_category":0},"etheme_brands":[],"product_brand":[],"product_cat":[685],"product_tag":[203,234,224,8059,8039,755,7561,856,4725,752,8038,4726],"class_list":{"0":"post-47166","1":"product","2":"type-product","3":"status-publish","4":"has-post-thumbnail","6":"product_cat-libros","7":"product_tag-argentina","8":"product_tag-argentine","9":"product_tag-argentino","10":"product_tag-autora","11":"product_tag-beyond-winter","12":"product_tag-book","13":"product_tag-chilena","14":"product_tag-isabel-allende","15":"product_tag-lectura","16":"product_tag-libro","17":"product_tag-mas-alla-del-invierno","18":"product_tag-reading","20":"first","21":"instock","22":"taxable","23":"shipping-taxable","24":"purchasable","25":"product-type-simple"},"acf":[],"aioseo_notices":[],"_links":{"self":[{"href":"https:\/\/www.argensend.com\/en\/wp-json\/wp\/v2\/product\/47166","targetHints":{"allow":["GET"]}}],"collection":[{"href":"https:\/\/www.argensend.com\/en\/wp-json\/wp\/v2\/product"}],"about":[{"href":"https:\/\/www.argensend.com\/en\/wp-json\/wp\/v2\/types\/product"}],"replies":[{"embeddable":true,"href":"https:\/\/www.argensend.com\/en\/wp-json\/wp\/v2\/comments?post=47166"}],"version-history":[{"count":1,"href":"https:\/\/www.argensend.com\/en\/wp-json\/wp\/v2\/product\/47166\/revisions"}],"predecessor-version":[{"id":71038,"href":"https:\/\/www.argensend.com\/en\/wp-json\/wp\/v2\/product\/47166\/revisions\/71038"}],"wp:featuredmedia":[{"embeddable":true,"href":"https:\/\/www.argensend.com\/en\/wp-json\/wp\/v2\/media\/47167"}],"wp:attachment":[{"href":"https:\/\/www.argensend.com\/en\/wp-json\/wp\/v2\/media?parent=47166"}],"wp:term":[{"taxonomy":"brand","embeddable":true,"href":"https:\/\/www.argensend.com\/en\/wp-json\/wp\/v2\/etheme_brands?post=47166"},{"taxonomy":"product_brand","embeddable":true,"href":"https:\/\/www.argensend.com\/en\/wp-json\/wp\/v2\/product_brand?post=47166"},{"taxonomy":"product_cat","embeddable":true,"href":"https:\/\/www.argensend.com\/en\/wp-json\/wp\/v2\/product_cat?post=47166"},{"taxonomy":"product_tag","embeddable":true,"href":"https:\/\/www.argensend.com\/en\/wp-json\/wp\/v2\/product_tag?post=47166"}],"curies":[{"name":"wp","href":"https:\/\/api.w.org\/{rel}","templated":true}]}}

Isabel Allende &#8211; Más Allá Del Invierno

<p><strong>Sinópsis:</strong><br />
Más allá del invierno es una de sus historias más personales: una obra absolutamente actual que aborda la realidad de la emigración y la identidad de la América de hoy a través de unos personajes que encuentran la esperanza en el amor y en las segundas oportunidades.</p>
<p>……………………………………………………………………………………………</p>
<p><strong>Synopsis:<br />
</strong>Beyond Winter is one of his most personal stories: an absolutely contemporary work that addresses the reality of emigration and identity in today&#8217;s America through characters who find hope in love and second chances.</p>

<p>Sinópsis: Más allá del invierno es una de sus historias más personales: una obra absolutamente actual que aborda la realidad de la emigración y la&#8230;</p>
